{"id":1308,"date":"2025-04-04T16:22:34","date_gmt":"2025-04-04T19:22:34","guid":{"rendered":"https:\/\/sentinela.digital\/site\/?page_id=1308"},"modified":"2025-04-11T10:13:27","modified_gmt":"2025-04-11T13:13:27","slug":"educacao-continuada","status":"publish","type":"page","link":"https:\/\/sentinela.digital\/site\/educacao-continuada\/","title":{"rendered":"Programa de Educa\u00e7\u00e3o Continuada"},"content":{"rendered":"<p>[et_pb_section fb_built=&#8221;1&#8243; next_background_color=&#8221;#ffffff&#8221; admin_label=&#8221;Header&#8221; _builder_version=&#8221;4.12.0&#8243; background_color=&#8221;#5e378d&#8221; background_image=&#8221;https:\/\/sentinela.digital\/site\/wp-content\/uploads\/2022\/01\/solucoes-protecao-de-dados.jpeg&#8221; background_blend=&#8221;multiply&#8221; custom_margin=&#8221;0px|0px|0px|0px|true|true&#8221; custom_padding=&#8221;0px|0px|0px|0px|true|true&#8221; bottom_divider_style=&#8221;mountains2&#8243; bottom_divider_flip=&#8221;horizontal&#8221; global_colors_info=&#8221;{}&#8221;][et_pb_row column_structure=&#8221;1_2,1_2&#8243; _builder_version=&#8221;4.6.2&#8243; z_index=&#8221;1&#8243; custom_margin=&#8221;||||false|true&#8221; custom_padding=&#8221;10px||10px||true|false&#8221; global_colors_info=&#8221;{}&#8221;][et_pb_column type=&#8221;1_2&#8243; _builder_version=&#8221;4.6.2&#8243; custom_padding=&#8221;100px||100px||true|false&#8221; global_colors_info=&#8221;{}&#8221;][et_pb_text disabled_on=&#8221;on|on|off&#8221; _builder_version=&#8221;4.12.0&#8243; text_font=&#8221;Montserrat Semibold||||||||&#8221; text_text_color=&#8221;#5e378d&#8221; text_font_size=&#8221;46px&#8221; text_line_height=&#8221;1em&#8221; header_font=&#8221;Overpass|900|||||||&#8221; header_font_size=&#8221;84px&#8221; background_layout=&#8221;dark&#8221; custom_margin=&#8221;||||false|false&#8221; custom_padding=&#8221;||||false|false&#8221; header_font_size_tablet=&#8221;54px&#8221; header_font_size_phone=&#8221;32px&#8221; header_font_size_last_edited=&#8221;on|desktop&#8221; locked=&#8221;off&#8221; global_colors_info=&#8221;{}&#8221;]<\/p>\n<p><span style=\"color: #ffffff;\"><strong>Programa de Educa\u00e7\u00e3o Continuada\u00a0<\/strong><\/span><\/p>\n<p>[\/et_pb_text][et_pb_text disabled_on=&#8221;on|on|off&#8221; _builder_version=&#8221;4.12.0&#8243; text_font=&#8221;Montserrat Light||||||||&#8221; text_text_color=&#8221;#5e378d&#8221; text_font_size=&#8221;20px&#8221; text_line_height=&#8221;1em&#8221; header_font=&#8221;Overpass|900|||||||&#8221; header_font_size=&#8221;84px&#8221; background_layout=&#8221;dark&#8221; custom_margin=&#8221;||||false|false&#8221; custom_padding=&#8221;||||false|false&#8221; header_font_size_tablet=&#8221;54px&#8221; header_font_size_phone=&#8221;32px&#8221; header_font_size_last_edited=&#8221;on|desktop&#8221; locked=&#8221;off&#8221; global_colors_info=&#8221;{}&#8221;]<\/p>\n<p><span style=\"font-weight: 400; color: #ffffff;\">Programa de Educa\u00e7\u00e3o Continuada sobre privacidade de dados (LGPD) e seguran\u00e7a da informa\u00e7\u00e3o<\/span><\/p>\n<p>[\/et_pb_text][\/et_pb_column][et_pb_column type=&#8221;1_2&#8243; _builder_version=&#8221;4.0.4&#8243; custom_padding=&#8221;||||false|false&#8221; global_colors_info=&#8221;{}&#8221;][\/et_pb_column][\/et_pb_row][\/et_pb_section][et_pb_section fb_built=&#8221;1&#8243; _builder_version=&#8221;4.12.0&#8243; _module_preset=&#8221;default&#8221; global_colors_info=&#8221;{}&#8221;][et_pb_row column_structure=&#8221;3_5,2_5&#8243; _builder_version=&#8221;4.12.0&#8243; _module_preset=&#8221;default&#8221; global_colors_info=&#8221;{}&#8221;][et_pb_column type=&#8221;3_5&#8243; _builder_version=&#8221;4.12.0&#8243; _module_preset=&#8221;default&#8221; global_colors_info=&#8221;{}&#8221;][et_pb_image src=&#8221;https:\/\/sentinela.digital\/site\/wp-content\/uploads\/2022\/01\/treinamento.png&#8221; title_text=&#8221;treinamento&#8221; disabled_on=&#8221;off|off|on&#8221; _builder_version=&#8221;4.12.0&#8243; _module_preset=&#8221;default&#8221; hover_enabled=&#8221;0&#8243; global_colors_info=&#8221;{}&#8221; sticky_enabled=&#8221;0&#8243;][\/et_pb_image][et_pb_text _builder_version=&#8221;4.12.0&#8243; _module_preset=&#8221;default&#8221; text_font=&#8221;Montserrat Semibold|800|||||||&#8221; text_text_color=&#8221;#5e378d&#8221; text_font_size=&#8221;30px&#8221; text_line_height=&#8221;1.3em&#8221; text_orientation=&#8221;center&#8221; custom_padding=&#8221;||||false|true&#8221; global_colors_info=&#8221;{}&#8221;]<\/p>\n<p style=\"text-align: left;\"><b>Cultura da Privacidade atrav\u00e9s da educa\u00e7\u00e3o continuada.<\/b><\/p>\n<p>[\/et_pb_text][et_pb_text _builder_version=&#8221;4.12.0&#8243; _module_preset=&#8221;default&#8221; text_font=&#8221;Montserrat Light||||||||&#8221; text_text_color=&#8221;gcid-d1ab4d86-8141-4b54-8ebc-3bd0c859fe54&#8243; text_font_size=&#8221;18px&#8221; text_line_height=&#8221;1.3em&#8221; text_orientation=&#8221;center&#8221; custom_padding=&#8221;||||false|true&#8221; global_colors_info=&#8221;{%22gcid-d1ab4d86-8141-4b54-8ebc-3bd0c859fe54%22:%91%22text_text_color%22%93}&#8221;]<\/p>\n<p class=\"p1\" style=\"text-align: left;\">Acreditamos que a privacidade de dados pessoais, come\u00e7a atrav\u00e9s da conscientiza\u00e7\u00e3o dos humanos envolvidos na cadeia de produtiva seja ela da ind\u00fastria, comercio e servi\u00e7os, e \u00e0 medida que cada humano compreendem o desafio da privacidade, torna-se um agente diretos da seguran\u00e7a e prote\u00e7\u00e3o dos dados, e neste momento temos nossa primeira camada de prote\u00e7\u00e3o ativa e operando.<\/p>\n<p>[\/et_pb_text][\/et_pb_column][et_pb_column type=&#8221;2_5&#8243; _builder_version=&#8221;4.12.0&#8243; _module_preset=&#8221;default&#8221; global_colors_info=&#8221;{}&#8221;][et_pb_image src=&#8221;https:\/\/sentinela.digital\/site\/wp-content\/uploads\/2022\/01\/treinamento.png&#8221; title_text=&#8221;treinamento&#8221; disabled_on=&#8221;on|on|off&#8221; _builder_version=&#8221;4.12.0&#8243; _module_preset=&#8221;default&#8221; hover_enabled=&#8221;0&#8243; global_colors_info=&#8221;{}&#8221; sticky_enabled=&#8221;0&#8243;][\/et_pb_image][\/et_pb_column][\/et_pb_row][et_pb_row _builder_version=&#8221;4.12.0&#8243; _module_preset=&#8221;default&#8221; global_colors_info=&#8221;{}&#8221;][et_pb_column type=&#8221;4_4&#8243; _builder_version=&#8221;4.12.0&#8243; _module_preset=&#8221;default&#8221; global_colors_info=&#8221;{}&#8221;][et_pb_text _builder_version=&#8221;4.12.0&#8243; _module_preset=&#8221;default&#8221; text_font=&#8221;Montserrat Light||||||||&#8221; text_text_color=&#8221;gcid-d1ab4d86-8141-4b54-8ebc-3bd0c859fe54&#8243; text_font_size=&#8221;18px&#8221; text_line_height=&#8221;1.3em&#8221; text_orientation=&#8221;center&#8221; custom_padding=&#8221;||0px||false|true&#8221; global_colors_info=&#8221;{%22gcid-d1ab4d86-8141-4b54-8ebc-3bd0c859fe54%22:%91%22text_text_color%22%93}&#8221;]<\/p>\n<p class=\"p1\" style=\"text-align: left;\"><strong>A privacidade de dados \u00e9 mantida, quando temos camadas de prote\u00e7\u00e3o, que passam por:<\/strong><\/p>\n<p>[\/et_pb_text][\/et_pb_column][\/et_pb_row][et_pb_row _builder_version=&#8221;4.12.0&#8243; _module_preset=&#8221;default&#8221; global_colors_info=&#8221;{}&#8221;][et_pb_column type=&#8221;4_4&#8243; _builder_version=&#8221;4.12.0&#8243; _module_preset=&#8221;default&#8221; global_colors_info=&#8221;{}&#8221;][et_pb_text _builder_version=&#8221;4.12.0&#8243; _module_preset=&#8221;default&#8221; global_colors_info=&#8221;{}&#8221;]<\/p>\n<ul>\n<li>Gest\u00e3o e controle de acesso;<\/li>\n<li>Intelig\u00eancia aplicada contra intrus\u00e3o nas \u00e1reas de per\u00edmetros;<\/li>\n<li>Mecanismos de prote\u00e7\u00e3o contra softwares maliciosos;<\/li>\n<li>Identifica\u00e7\u00e3o e tratamentos de vulnerabilidades;<\/li>\n<li>Implanta\u00e7\u00e3o e manuten\u00e7\u00e3o de pol\u00edticas de seguran\u00e7a, privacidade e identidade;<\/li>\n<li>Treinamento e engajamento dos humanos em todo ciclo produtivo;<\/li>\n<p>[\/et_pb_text][et_pb_text _builder_version=&#8221;4.12.0&#8243; _module_preset=&#8221;default&#8221; global_colors_info=&#8221;{}&#8221;]<\/p>\n<p>Exposto as principais camadas e uma boa governan\u00e7a a fim de conquistar privacidade de dados, notamos que todas as camadas s\u00e3o operadas por humanos, fazendo do humano a camada mais vulner\u00e1vel e falha.<\/p>\n<p>[\/et_pb_text][et_pb_text _builder_version=&#8221;4.12.0&#8243; _module_preset=&#8221;default&#8221; global_colors_info=&#8221;{}&#8221;]<\/p>\n<p><strong>Os humanos diferentes das m\u00e1quinas e softwares, apresentam vari\u00e1veis diariamente que podem afetar sua efici\u00eancia e efic\u00e1cia:<\/strong><\/p>\n<ul>\n<li>N\u00edvel de preparo t\u00e9cnico;<\/li>\n<li>Aus\u00eancia de conhecimento sobre o tema;<\/li>\n<li>Falta de engajamento com proposito;<\/li>\n<li>Desaten\u00e7\u00e3o por motivos pessoais;<\/li>\n<\/ul>\n<p>[\/et_pb_text][et_pb_text _builder_version=&#8221;4.12.0&#8243; _module_preset=&#8221;default&#8221; global_colors_info=&#8221;{}&#8221;]<\/p>\n<p>Compreende que investir em altos n\u00edveis de tecnologia nas camadas de seguran\u00e7a, s\u00e3o extremamente validos, por\u00e9m, se os humanos n\u00e3o estiverem engajados na miss\u00e3o, certamente por eles que os incidentes de seguran\u00e7a dar\u00e3o in\u00edcio.<\/p>\n<p>O investimento da camada humana \u00e9 a de menor custo dentre todas as camadas, entretanto tamb\u00e9m a mais negligenciada. \u00c9 comum empresas terem um or\u00e7amento para investimentos de mecanismos de tecnologia de <em>preven\u00e7\u00e3o,<\/em> e n\u00e3o investir no engajamento das pessoas, sejam elas as que operam as tecnologias ou tem acesso aos dados e acessos \u00e0s prote\u00e7\u00f5es.<\/p>\n<p>Em caso de descumprimento da LGPD, seja por um incidente de seguran\u00e7a ou vazamento de dados, muito prov\u00e1vel que ser\u00e1 considerado um ato imprudente, imperito e negligente se os humanos envolvidos, pudessem ter evitado ou ateado o ocorrido, isso tudo por aus\u00eancia de cultura da privacidade.<\/p>\n<p>Convidamos voc\u00ea implantar um programa de educa\u00e7\u00e3o continuada, criando cultura da privacidade de dados, estimulando controles de governan\u00e7a, a fim de constru\u00edmos ambientes mais seguros e de mais respeito aos titulares de dados.<\/p>\n<p>[\/et_pb_text][\/et_pb_column][\/et_pb_row][\/et_pb_section][et_pb_section fb_built=&#8221;1&#8243; disabled_on=&#8221;on|on|off&#8221; _builder_version=&#8221;4.12.0&#8243; _module_preset=&#8221;default&#8221; background_color=&#8221;#b4aacf&#8221; global_module=&#8221;1005&#8243; saved_tabs=&#8221;all&#8221; global_colors_info=&#8221;{}&#8221;][et_pb_row _builder_version=&#8221;4.6.2&#8243; _module_preset=&#8221;default&#8221; global_colors_info=&#8221;{}&#8221;][et_pb_column type=&#8221;4_4&#8243; _builder_version=&#8221;4.6.2&#8243; _module_preset=&#8221;default&#8221; global_colors_info=&#8221;{}&#8221;][et_pb_text _builder_version=&#8221;4.6.2&#8243; _module_preset=&#8221;default&#8221; text_font=&#8221;Montserrat Semibold|600|||||||&#8221; text_text_color=&#8221;#5e378d&#8221; text_font_size=&#8221;40px&#8221; text_line_height=&#8221;1.3em&#8221; text_orientation=&#8221;center&#8221; custom_padding=&#8221;|70px||70px|false|true&#8221; global_colors_info=&#8221;{}&#8221;]<\/p>\n<p>Converse agora mesmo com um especialista do Sentinela.Digital.<\/p>\n<p>[\/et_pb_text][et_pb_button button_url=&#8221;https:\/\/conteudo.sentinela.digital\/fale-com-um-especialista&#8221; url_new_window=&#8221;on&#8221; button_text=&#8221;FALAR COM O ESPECIALISTA&#8221; button_alignment=&#8221;center&#8221; _builder_version=&#8221;4.12.0&#8243; _module_preset=&#8221;default&#8221; button_bg_color_gradient_start=&#8221;#27280f&#8221; global_colors_info=&#8221;{}&#8221;][\/et_pb_button][\/et_pb_column][\/et_pb_row][\/et_pb_section][et_pb_section fb_built=&#8221;1&#8243; _builder_version=&#8221;4.12.0&#8243; _module_preset=&#8221;default&#8221; background_color=&#8221;#FFFFFF&#8221; global_module=&#8221;878&#8243; saved_tabs=&#8221;all&#8221; global_colors_info=&#8221;{}&#8221;][et_pb_row column_structure=&#8221;1_2,1_2&#8243; _builder_version=&#8221;4.6.2&#8243; _module_preset=&#8221;default&#8221; global_colors_info=&#8221;{}&#8221;][et_pb_column type=&#8221;1_2&#8243; _builder_version=&#8221;4.12.0&#8243; _module_preset=&#8221;default&#8221; global_colors_info=&#8221;{}&#8221;][et_pb_blurb title=&#8221;E-mail&#8221; use_icon=&#8221;on&#8221; font_icon=&#8221;%%238%%&#8221; icon_color=&#8221;#ffffff&#8221; use_circle=&#8221;on&#8221; circle_color=&#8221;#5E378D&#8221; icon_placement=&#8221;left&#8221; _builder_version=&#8221;4.12.0&#8243; _module_preset=&#8221;default&#8221; header_font=&#8221;Montserrat Semibold||||||||&#8221; header_text_color=&#8221;#5e378d&#8221; body_font=&#8221;Montserrat Regular||||||||&#8221; global_colors_info=&#8221;{}&#8221;]<\/p>\n<p><span>Tem alguma d\u00favida? Podemos te ajudar pelo nosso canal de email.<\/span><\/p>\n<p><strong><a href=\"mailto:contato@sentinela.digital\">contato@sentinela.digital<\/a><\/strong><\/p>\n<p>[\/et_pb_blurb][\/et_pb_column][et_pb_column type=&#8221;1_2&#8243; _builder_version=&#8221;4.6.2&#8243; _module_preset=&#8221;default&#8221; global_colors_info=&#8221;{}&#8221;][et_pb_blurb title=&#8221;WhatsApp&#8221; use_icon=&#8221;on&#8221; font_icon=&#8221;%%249%%&#8221; icon_color=&#8221;#ffffff&#8221; use_circle=&#8221;on&#8221; circle_color=&#8221;#5E378D&#8221; icon_placement=&#8221;left&#8221; _builder_version=&#8221;4.12.0&#8243; _module_preset=&#8221;default&#8221; header_font=&#8221;Montserrat Semibold||||||||&#8221; header_text_color=&#8221;#5e378d&#8221; body_font=&#8221;Montserrat Regular||||||||&#8221; global_colors_info=&#8221;{}&#8221;]<\/p>\n<p class=\"sc-pscky miVAa Channel__StyledTypographyChannelSubtitle-comcqj-2 kXDHGh\">Precisa de uma ajuda agora? Entre em contato com nosso atendimento atrav\u00e9s do WhatsApp <a class=\"sc-pscky jpcelt sc-qZtCU eHrTFO\" href=\"https:\/\/nuapp.nubank.com.br\/bnVhcHA6Ly9jaGF0\" target=\"_blank\" rel=\"noopener\"><\/a>(11) 91140-2828<\/p>\n<p><strong><span style=\"color: #800080;\"><a href=\"https:\/\/api.whatsapp.com\/send?phone=5511911402828&amp;text=Ol%C3%A1%20tudo%20bem%20Edson?\" style=\"color: #5e378d;\">Enviar mensagem<\/a><\/span><\/strong><\/p>\n<p>[\/et_pb_blurb][\/et_pb_column][\/et_pb_row][\/et_pb_section]<\/p>\n","protected":false},"excerpt":{"rendered":"<p>Programa de Educa\u00e7\u00e3o Continuada\u00a0Programa de Educa\u00e7\u00e3o Continuada sobre privacidade de dados (LGPD) e seguran\u00e7a da informa\u00e7\u00e3oCultura da Privacidade atrav\u00e9s da educa\u00e7\u00e3o continuada.Acreditamos que a privacidade de dados pessoais, come\u00e7a atrav\u00e9s da conscientiza\u00e7\u00e3o dos humanos envolvidos na cadeia de produtiva seja ela da ind\u00fastria, comercio e servi\u00e7os, e \u00e0 medida que cada humano compreendem o desafio [&hellip;]<\/p>\n","protected":false},"author":1,"featured_media":0,"parent":0,"menu_order":0,"comment_status":"closed","ping_status":"closed","template":"","meta":{"_et_pb_use_builder":"on","_et_pb_old_content":"","_et_gb_content_width":"","footnotes":""},"class_list":["post-1308","page","type-page","status-publish","hentry"],"yoast_head":"<!-- This site is optimized with the Yoast SEO plugin v27.3 - https:\/\/yoast.com\/product\/yoast-seo-wordpress\/ -->\n<title>Programa de Educa\u00e7\u00e3o Continuada | Sentinela.Digital<\/title>\n<meta name=\"description\" content=\"Programa de Educa\u00e7\u00e3o Continuada sobre privacidade de dados (LGPD) e seguran\u00e7a da informa\u00e7\u00e3o\" \/>\n<meta name=\"robots\" content=\"index, follow, max-snippet:-1, max-image-preview:large, max-video-preview:-1\" \/>\n<link rel=\"canonical\" href=\"https:\/\/sentinela.digital\/site\/educacao-continuada\/\" \/>\n<meta property=\"og:locale\" content=\"pt_BR\" \/>\n<meta property=\"og:type\" content=\"article\" \/>\n<meta property=\"og:title\" content=\"Programa de Educa\u00e7\u00e3o Continuada | Sentinela.Digital\" \/>\n<meta property=\"og:description\" content=\"Programa de Educa\u00e7\u00e3o Continuada sobre privacidade de dados (LGPD) e seguran\u00e7a da informa\u00e7\u00e3o\" \/>\n<meta property=\"og:url\" content=\"https:\/\/sentinela.digital\/site\/educacao-continuada\/\" \/>\n<meta property=\"og:site_name\" content=\"Sentinela.Digital\" \/>\n<meta property=\"article:modified_time\" content=\"2025-04-11T13:13:27+00:00\" \/>\n<meta name=\"twitter:card\" content=\"summary_large_image\" \/>\n<meta name=\"twitter:label1\" content=\"Est. tempo de leitura\" \/>\n\t<meta name=\"twitter:data1\" content=\"4 minutos\" \/>\n<script type=\"application\/ld+json\" class=\"yoast-schema-graph\">{\"@context\":\"https:\\\/\\\/schema.org\",\"@graph\":[{\"@type\":\"WebPage\",\"@id\":\"https:\\\/\\\/sentinela.digital\\\/site\\\/educacao-continuada\\\/\",\"url\":\"https:\\\/\\\/sentinela.digital\\\/site\\\/educacao-continuada\\\/\",\"name\":\"Programa de Educa\u00e7\u00e3o Continuada | Sentinela.Digital\",\"isPartOf\":{\"@id\":\"https:\\\/\\\/sentinela.digital\\\/site\\\/#website\"},\"datePublished\":\"2025-04-04T19:22:34+00:00\",\"dateModified\":\"2025-04-11T13:13:27+00:00\",\"description\":\"Programa de Educa\u00e7\u00e3o Continuada sobre privacidade de dados (LGPD) e seguran\u00e7a da informa\u00e7\u00e3o\",\"breadcrumb\":{\"@id\":\"https:\\\/\\\/sentinela.digital\\\/site\\\/educacao-continuada\\\/#breadcrumb\"},\"inLanguage\":\"pt-BR\",\"potentialAction\":[{\"@type\":\"ReadAction\",\"target\":[\"https:\\\/\\\/sentinela.digital\\\/site\\\/educacao-continuada\\\/\"]}]},{\"@type\":\"BreadcrumbList\",\"@id\":\"https:\\\/\\\/sentinela.digital\\\/site\\\/educacao-continuada\\\/#breadcrumb\",\"itemListElement\":[{\"@type\":\"ListItem\",\"position\":1,\"name\":\"In\u00edcio\",\"item\":\"https:\\\/\\\/sentinela.digital\\\/site\\\/\"},{\"@type\":\"ListItem\",\"position\":2,\"name\":\"Programa de Educa\u00e7\u00e3o Continuada\"}]},{\"@type\":\"WebSite\",\"@id\":\"https:\\\/\\\/sentinela.digital\\\/site\\\/#website\",\"url\":\"https:\\\/\\\/sentinela.digital\\\/site\\\/\",\"name\":\"Sentinela.Digital\",\"description\":\"DPO as a Service\",\"publisher\":{\"@id\":\"https:\\\/\\\/sentinela.digital\\\/site\\\/#organization\"},\"potentialAction\":[{\"@type\":\"SearchAction\",\"target\":{\"@type\":\"EntryPoint\",\"urlTemplate\":\"https:\\\/\\\/sentinela.digital\\\/site\\\/?s={search_term_string}\"},\"query-input\":{\"@type\":\"PropertyValueSpecification\",\"valueRequired\":true,\"valueName\":\"search_term_string\"}}],\"inLanguage\":\"pt-BR\"},{\"@type\":\"Organization\",\"@id\":\"https:\\\/\\\/sentinela.digital\\\/site\\\/#organization\",\"name\":\"Sentinela.Digital\",\"url\":\"https:\\\/\\\/sentinela.digital\\\/site\\\/\",\"logo\":{\"@type\":\"ImageObject\",\"inLanguage\":\"pt-BR\",\"@id\":\"https:\\\/\\\/sentinela.digital\\\/site\\\/#\\\/schema\\\/logo\\\/image\\\/\",\"url\":\"https:\\\/\\\/sentinela.digital\\\/site\\\/wp-content\\\/uploads\\\/2021\\\/06\\\/logotipo_sentinela_colorido_horizontal_PRINCIPAL.png\",\"contentUrl\":\"https:\\\/\\\/sentinela.digital\\\/site\\\/wp-content\\\/uploads\\\/2021\\\/06\\\/logotipo_sentinela_colorido_horizontal_PRINCIPAL.png\",\"width\":1200,\"height\":313,\"caption\":\"Sentinela.Digital\"},\"image\":{\"@id\":\"https:\\\/\\\/sentinela.digital\\\/site\\\/#\\\/schema\\\/logo\\\/image\\\/\"}}]}<\/script>\n<!-- \/ Yoast SEO plugin. -->","yoast_head_json":{"title":"Programa de Educa\u00e7\u00e3o Continuada | Sentinela.Digital","description":"Programa de Educa\u00e7\u00e3o Continuada sobre privacidade de dados (LGPD) e seguran\u00e7a da informa\u00e7\u00e3o","robots":{"index":"index","follow":"follow","max-snippet":"max-snippet:-1","max-image-preview":"max-image-preview:large","max-video-preview":"max-video-preview:-1"},"canonical":"https:\/\/sentinela.digital\/site\/educacao-continuada\/","og_locale":"pt_BR","og_type":"article","og_title":"Programa de Educa\u00e7\u00e3o Continuada | Sentinela.Digital","og_description":"Programa de Educa\u00e7\u00e3o Continuada sobre privacidade de dados (LGPD) e seguran\u00e7a da informa\u00e7\u00e3o","og_url":"https:\/\/sentinela.digital\/site\/educacao-continuada\/","og_site_name":"Sentinela.Digital","article_modified_time":"2025-04-11T13:13:27+00:00","twitter_card":"summary_large_image","twitter_misc":{"Est. tempo de leitura":"4 minutos"},"schema":{"@context":"https:\/\/schema.org","@graph":[{"@type":"WebPage","@id":"https:\/\/sentinela.digital\/site\/educacao-continuada\/","url":"https:\/\/sentinela.digital\/site\/educacao-continuada\/","name":"Programa de Educa\u00e7\u00e3o Continuada | Sentinela.Digital","isPartOf":{"@id":"https:\/\/sentinela.digital\/site\/#website"},"datePublished":"2025-04-04T19:22:34+00:00","dateModified":"2025-04-11T13:13:27+00:00","description":"Programa de Educa\u00e7\u00e3o Continuada sobre privacidade de dados (LGPD) e seguran\u00e7a da informa\u00e7\u00e3o","breadcrumb":{"@id":"https:\/\/sentinela.digital\/site\/educacao-continuada\/#breadcrumb"},"inLanguage":"pt-BR","potentialAction":[{"@type":"ReadAction","target":["https:\/\/sentinela.digital\/site\/educacao-continuada\/"]}]},{"@type":"BreadcrumbList","@id":"https:\/\/sentinela.digital\/site\/educacao-continuada\/#breadcrumb","itemListElement":[{"@type":"ListItem","position":1,"name":"In\u00edcio","item":"https:\/\/sentinela.digital\/site\/"},{"@type":"ListItem","position":2,"name":"Programa de Educa\u00e7\u00e3o Continuada"}]},{"@type":"WebSite","@id":"https:\/\/sentinela.digital\/site\/#website","url":"https:\/\/sentinela.digital\/site\/","name":"Sentinela.Digital","description":"DPO as a Service","publisher":{"@id":"https:\/\/sentinela.digital\/site\/#organization"},"potentialAction":[{"@type":"SearchAction","target":{"@type":"EntryPoint","urlTemplate":"https:\/\/sentinela.digital\/site\/?s={search_term_string}"},"query-input":{"@type":"PropertyValueSpecification","valueRequired":true,"valueName":"search_term_string"}}],"inLanguage":"pt-BR"},{"@type":"Organization","@id":"https:\/\/sentinela.digital\/site\/#organization","name":"Sentinela.Digital","url":"https:\/\/sentinela.digital\/site\/","logo":{"@type":"ImageObject","inLanguage":"pt-BR","@id":"https:\/\/sentinela.digital\/site\/#\/schema\/logo\/image\/","url":"https:\/\/sentinela.digital\/site\/wp-content\/uploads\/2021\/06\/logotipo_sentinela_colorido_horizontal_PRINCIPAL.png","contentUrl":"https:\/\/sentinela.digital\/site\/wp-content\/uploads\/2021\/06\/logotipo_sentinela_colorido_horizontal_PRINCIPAL.png","width":1200,"height":313,"caption":"Sentinela.Digital"},"image":{"@id":"https:\/\/sentinela.digital\/site\/#\/schema\/logo\/image\/"}}]}},"_links":{"self":[{"href":"https:\/\/sentinela.digital\/site\/wp-json\/wp\/v2\/pages\/1308","targetHints":{"allow":["GET"]}}],"collection":[{"href":"https:\/\/sentinela.digital\/site\/wp-json\/wp\/v2\/pages"}],"about":[{"href":"https:\/\/sentinela.digital\/site\/wp-json\/wp\/v2\/types\/page"}],"author":[{"embeddable":true,"href":"https:\/\/sentinela.digital\/site\/wp-json\/wp\/v2\/users\/1"}],"replies":[{"embeddable":true,"href":"https:\/\/sentinela.digital\/site\/wp-json\/wp\/v2\/comments?post=1308"}],"version-history":[{"count":7,"href":"https:\/\/sentinela.digital\/site\/wp-json\/wp\/v2\/pages\/1308\/revisions"}],"predecessor-version":[{"id":1325,"href":"https:\/\/sentinela.digital\/site\/wp-json\/wp\/v2\/pages\/1308\/revisions\/1325"}],"wp:attachment":[{"href":"https:\/\/sentinela.digital\/site\/wp-json\/wp\/v2\/media?parent=1308"}],"curies":[{"name":"wp","href":"https:\/\/api.w.org\/{rel}","templated":true}]}}